{"id":1687,"date":"2022-11-28T14:18:36","date_gmt":"2022-11-28T11:18:36","guid":{"rendered":"https:\/\/pierrecardinbedding.com.tr\/?page_id=1687"},"modified":"2023-11-09T16:25:24","modified_gmt":"2023-11-09T13:25:24","slug":"insan-kaynaklari","status":"publish","type":"page","link":"https:\/\/pierrecardinyatak.com.tr\/kk\/insan-kaynaklari\/","title":{"rendered":"\u0130nsan Kaynaklar\u0131"},"content":{"rendered":"<div class=\"wpb-content-wrapper\"><div class=\"vc_row wpb_row vc_row-fluid\"><div class=\"wpb_column vc_column_container vc_col-sm-2\"><div class=\"vc_column-inner\"><div class=\"wpb_wrapper\"><\/div><\/div><\/div><div class=\"wpb_column vc_column_container vc_col-sm-8\"><div class=\"vc_column-inner\"><div class=\"wpb_wrapper\">\n\t<div class=\"wpb_text_column wpb_content_element\" >\n\t\t<div class=\"wpb_wrapper\">\n\t\t\t<p style=\"text-align: center;\">Pierre Cardin Bedding ailesinin bir par\u00e7as\u0131 olmak isterseniz, i\u015f ba\u015fvurular\u0131n\u0131z\u0131 bekliyoruz.<br \/>\n<a href=\"mailto:ik@pierrecardinbedding.com.tr\"><strong>ik@pierrecardinbedding.com.tr<\/strong><\/a><\/p>\n\n\t\t<\/div>\n\t<\/div>\n<\/div><\/div><\/div><div class=\"wpb_column vc_column_container vc_col-sm-2\"><div class=\"vc_column-inner\"><div class=\"wpb_wrapper\"><\/div><\/div><\/div><\/div>\n<\/div>","protected":false},"excerpt":{"rendered":"Pierre Cardin Bedding ailesinin bir par\u00e7as\u0131 olmak isterseniz, i\u015f ba\u015fvurular\u0131n\u0131z\u0131 bekliyoruz. ik@pierrecardinbedding.com.tr","protected":false},"author":1,"featured_media":0,"parent":0,"menu_order":0,"comment_status":"closed","ping_status":"closed","template":"","meta":{"footnotes":""},"class_list":["post-1687","page","type-page","status-publish","hentry"],"yoast_head":"<!-- This site is optimized with the Yoast SEO plugin v27.4 - https:\/\/yoast.com\/product\/yoast-seo-wordpress\/ -->\n<title>\u0130nsan Kaynaklar\u0131 - Pierre Cardin Yatak<\/title>\n<meta name=\"description\" content=\"Pierre Cardin Bedding insan kaynaklar\u0131 sayfas\u0131n\u0131 ziyaret edebilirsiniz. Ailemizin par\u00e7as\u0131 olmak i\u00e7in ileti\u015fime ge\u00e7in.\" \/>\n<meta name=\"robots\" content=\"index, follow, max-snippet:-1, max-image-preview:large, max-video-preview:-1\" \/>\n<link rel=\"canonical\" href=\"https:\/\/pierrecardinyatak.com.tr\/kk\/insan-kaynaklari\/\" \/>\n<meta property=\"og:locale\" content=\"en_US\" \/>\n<meta property=\"og:type\" content=\"article\" \/>\n<meta property=\"og:title\" content=\"\u0130nsan Kaynaklar\u0131 - Pierre Cardin Yatak\" \/>\n<meta property=\"og:description\" content=\"Pierre Cardin Bedding insan kaynaklar\u0131 sayfas\u0131n\u0131 ziyaret edebilirsiniz. Ailemizin par\u00e7as\u0131 olmak i\u00e7in ileti\u015fime ge\u00e7in.\" \/>\n<meta property=\"og:url\" content=\"https:\/\/pierrecardinyatak.com.tr\/kk\/insan-kaynaklari\/\" \/>\n<meta property=\"og:site_name\" content=\"Pierre Cardin Yatak\" \/>\n<meta property=\"article:publisher\" content=\"https:\/\/www.facebook.com\/pierrecardinyatak\" \/>\n<meta property=\"article:modified_time\" content=\"2023-11-09T13:25:24+00:00\" \/>\n<meta name=\"twitter:card\" content=\"summary_large_image\" \/>\n<meta name=\"twitter:site\" content=\"@pcardinbedding\" \/>\n<meta name=\"twitter:label1\" content=\"Est. reading time\" \/>\n\t<meta name=\"twitter:data1\" content=\"1 \u043c\u0438\u043d\u0443\u0442\u0430\" \/>\n<script type=\"application\/ld+json\" class=\"yoast-schema-graph\">{\"@context\":\"https:\\\/\\\/schema.org\",\"@graph\":[{\"@type\":[\"Article\",\"BlogPosting\"],\"@id\":\"https:\\\/\\\/pierrecardinyatak.com.tr\\\/insan-kaynaklari\\\/#article\",\"isPartOf\":{\"@id\":\"https:\\\/\\\/pierrecardinyatak.com.tr\\\/insan-kaynaklari\\\/\"},\"author\":{\"name\":\"admin\",\"@id\":\"https:\\\/\\\/pierrecardinyatak.com.tr\\\/#\\\/schema\\\/person\\\/1c182155c79ef557a479bd374b58f902\"},\"headline\":\"\u0130nsan Kaynaklar\u0131\",\"datePublished\":\"2022-11-28T11:18:36+00:00\",\"dateModified\":\"2023-11-09T13:25:24+00:00\",\"mainEntityOfPage\":{\"@id\":\"https:\\\/\\\/pierrecardinyatak.com.tr\\\/insan-kaynaklari\\\/\"},\"wordCount\":52,\"inLanguage\":\"ru-RU\"},{\"@type\":\"WebPage\",\"@id\":\"https:\\\/\\\/pierrecardinyatak.com.tr\\\/insan-kaynaklari\\\/\",\"url\":\"https:\\\/\\\/pierrecardinyatak.com.tr\\\/insan-kaynaklari\\\/\",\"name\":\"\u0130nsan Kaynaklar\u0131 - Pierre Cardin Yatak\",\"isPartOf\":{\"@id\":\"https:\\\/\\\/pierrecardinyatak.com.tr\\\/#website\"},\"datePublished\":\"2022-11-28T11:18:36+00:00\",\"dateModified\":\"2023-11-09T13:25:24+00:00\",\"description\":\"Pierre Cardin Bedding insan kaynaklar\u0131 sayfas\u0131n\u0131 ziyaret edebilirsiniz. Ailemizin par\u00e7as\u0131 olmak i\u00e7in ileti\u015fime ge\u00e7in.\",\"breadcrumb\":{\"@id\":\"https:\\\/\\\/pierrecardinyatak.com.tr\\\/insan-kaynaklari\\\/#breadcrumb\"},\"inLanguage\":\"ru-RU\",\"potentialAction\":[{\"@type\":\"ReadAction\",\"target\":[\"https:\\\/\\\/pierrecardinyatak.com.tr\\\/insan-kaynaklari\\\/\"]}]},{\"@type\":\"BreadcrumbList\",\"@id\":\"https:\\\/\\\/pierrecardinyatak.com.tr\\\/insan-kaynaklari\\\/#breadcrumb\",\"itemListElement\":[{\"@type\":\"ListItem\",\"position\":1,\"name\":\"Anasayfa\",\"item\":\"https:\\\/\\\/pierrecardinyatak.com.tr\\\/\"},{\"@type\":\"ListItem\",\"position\":2,\"name\":\"\u0130nsan Kaynaklar\u0131\"}]},{\"@type\":\"WebSite\",\"@id\":\"https:\\\/\\\/pierrecardinyatak.com.tr\\\/#website\",\"url\":\"https:\\\/\\\/pierrecardinyatak.com.tr\\\/\",\"name\":\"Pierre Cardin Yatak\",\"description\":\"-\",\"potentialAction\":[{\"@type\":\"SearchAction\",\"target\":{\"@type\":\"EntryPoint\",\"urlTemplate\":\"https:\\\/\\\/pierrecardinyatak.com.tr\\\/?s={search_term_string}\"},\"query-input\":{\"@type\":\"PropertyValueSpecification\",\"valueRequired\":true,\"valueName\":\"search_term_string\"}}],\"inLanguage\":\"ru-RU\"},{\"@type\":\"Person\",\"@id\":\"https:\\\/\\\/pierrecardinyatak.com.tr\\\/#\\\/schema\\\/person\\\/1c182155c79ef557a479bd374b58f902\",\"name\":\"admin\",\"image\":{\"@type\":\"ImageObject\",\"inLanguage\":\"ru-RU\",\"@id\":\"https:\\\/\\\/secure.gravatar.com\\\/avatar\\\/3a0c75d6a4a7b2213bf32cead72e590c8f6aa56e5c7c70ea801e74aa7a9372bc?s=96&d=mm&r=g\",\"url\":\"https:\\\/\\\/secure.gravatar.com\\\/avatar\\\/3a0c75d6a4a7b2213bf32cead72e590c8f6aa56e5c7c70ea801e74aa7a9372bc?s=96&d=mm&r=g\",\"contentUrl\":\"https:\\\/\\\/secure.gravatar.com\\\/avatar\\\/3a0c75d6a4a7b2213bf32cead72e590c8f6aa56e5c7c70ea801e74aa7a9372bc?s=96&d=mm&r=g\",\"caption\":\"admin\"},\"sameAs\":[\"https:\\\/\\\/pierrecardinbedding.com.tr\"],\"url\":\"https:\\\/\\\/pierrecardinyatak.com.tr\\\/kk\\\/author\\\/admin\\\/\"}]}<\/script>\n<!-- \/ Yoast SEO plugin. -->","yoast_head_json":{"title":"\u0130nsan Kaynaklar\u0131 - Pierre Cardin Yatak","description":"Pierre Cardin Bedding insan kaynaklar\u0131 sayfas\u0131n\u0131 ziyaret edebilirsiniz. Ailemizin par\u00e7as\u0131 olmak i\u00e7in ileti\u015fime ge\u00e7in.","robots":{"index":"index","follow":"follow","max-snippet":"max-snippet:-1","max-image-preview":"max-image-preview:large","max-video-preview":"max-video-preview:-1"},"canonical":"https:\/\/pierrecardinyatak.com.tr\/kk\/insan-kaynaklari\/","og_locale":"en_US","og_type":"article","og_title":"\u0130nsan Kaynaklar\u0131 - Pierre Cardin Yatak","og_description":"Pierre Cardin Bedding insan kaynaklar\u0131 sayfas\u0131n\u0131 ziyaret edebilirsiniz. Ailemizin par\u00e7as\u0131 olmak i\u00e7in ileti\u015fime ge\u00e7in.","og_url":"https:\/\/pierrecardinyatak.com.tr\/kk\/insan-kaynaklari\/","og_site_name":"Pierre Cardin Yatak","article_publisher":"https:\/\/www.facebook.com\/pierrecardinyatak","article_modified_time":"2023-11-09T13:25:24+00:00","twitter_card":"summary_large_image","twitter_site":"@pcardinbedding","twitter_misc":{"Est. reading time":"1 \u043c\u0438\u043d\u0443\u0442\u0430"},"schema":{"@context":"https:\/\/schema.org","@graph":[{"@type":["Article","BlogPosting"],"@id":"https:\/\/pierrecardinyatak.com.tr\/insan-kaynaklari\/#article","isPartOf":{"@id":"https:\/\/pierrecardinyatak.com.tr\/insan-kaynaklari\/"},"author":{"name":"admin","@id":"https:\/\/pierrecardinyatak.com.tr\/#\/schema\/person\/1c182155c79ef557a479bd374b58f902"},"headline":"\u0130nsan Kaynaklar\u0131","datePublished":"2022-11-28T11:18:36+00:00","dateModified":"2023-11-09T13:25:24+00:00","mainEntityOfPage":{"@id":"https:\/\/pierrecardinyatak.com.tr\/insan-kaynaklari\/"},"wordCount":52,"inLanguage":"ru-RU"},{"@type":"WebPage","@id":"https:\/\/pierrecardinyatak.com.tr\/insan-kaynaklari\/","url":"https:\/\/pierrecardinyatak.com.tr\/insan-kaynaklari\/","name":"\u0130nsan Kaynaklar\u0131 - Pierre Cardin Yatak","isPartOf":{"@id":"https:\/\/pierrecardinyatak.com.tr\/#website"},"datePublished":"2022-11-28T11:18:36+00:00","dateModified":"2023-11-09T13:25:24+00:00","description":"Pierre Cardin Bedding insan kaynaklar\u0131 sayfas\u0131n\u0131 ziyaret edebilirsiniz. Ailemizin par\u00e7as\u0131 olmak i\u00e7in ileti\u015fime ge\u00e7in.","breadcrumb":{"@id":"https:\/\/pierrecardinyatak.com.tr\/insan-kaynaklari\/#breadcrumb"},"inLanguage":"ru-RU","potentialAction":[{"@type":"ReadAction","target":["https:\/\/pierrecardinyatak.com.tr\/insan-kaynaklari\/"]}]},{"@type":"BreadcrumbList","@id":"https:\/\/pierrecardinyatak.com.tr\/insan-kaynaklari\/#breadcrumb","itemListElement":[{"@type":"ListItem","position":1,"name":"Anasayfa","item":"https:\/\/pierrecardinyatak.com.tr\/"},{"@type":"ListItem","position":2,"name":"\u0130nsan Kaynaklar\u0131"}]},{"@type":"WebSite","@id":"https:\/\/pierrecardinyatak.com.tr\/#website","url":"https:\/\/pierrecardinyatak.com.tr\/","name":"Pierre Cardin Yatak","description":"-","potentialAction":[{"@type":"SearchAction","target":{"@type":"EntryPoint","urlTemplate":"https:\/\/pierrecardinyatak.com.tr\/?s={search_term_string}"},"query-input":{"@type":"PropertyValueSpecification","valueRequired":true,"valueName":"search_term_string"}}],"inLanguage":"ru-RU"},{"@type":"Person","@id":"https:\/\/pierrecardinyatak.com.tr\/#\/schema\/person\/1c182155c79ef557a479bd374b58f902","name":"admin","image":{"@type":"ImageObject","inLanguage":"ru-RU","@id":"https:\/\/secure.gravatar.com\/avatar\/3a0c75d6a4a7b2213bf32cead72e590c8f6aa56e5c7c70ea801e74aa7a9372bc?s=96&d=mm&r=g","url":"https:\/\/secure.gravatar.com\/avatar\/3a0c75d6a4a7b2213bf32cead72e590c8f6aa56e5c7c70ea801e74aa7a9372bc?s=96&d=mm&r=g","contentUrl":"https:\/\/secure.gravatar.com\/avatar\/3a0c75d6a4a7b2213bf32cead72e590c8f6aa56e5c7c70ea801e74aa7a9372bc?s=96&d=mm&r=g","caption":"admin"},"sameAs":["https:\/\/pierrecardinbedding.com.tr"],"url":"https:\/\/pierrecardinyatak.com.tr\/kk\/author\/admin\/"}]}},"_links":{"self":[{"href":"https:\/\/pierrecardinyatak.com.tr\/kk\/wp-json\/wp\/v2\/pages\/1687","targetHints":{"allow":["GET"]}}],"collection":[{"href":"https:\/\/pierrecardinyatak.com.tr\/kk\/wp-json\/wp\/v2\/pages"}],"about":[{"href":"https:\/\/pierrecardinyatak.com.tr\/kk\/wp-json\/wp\/v2\/types\/page"}],"author":[{"embeddable":true,"href":"https:\/\/pierrecardinyatak.com.tr\/kk\/wp-json\/wp\/v2\/users\/1"}],"replies":[{"embeddable":true,"href":"https:\/\/pierrecardinyatak.com.tr\/kk\/wp-json\/wp\/v2\/comments?post=1687"}],"version-history":[{"count":0,"href":"https:\/\/pierrecardinyatak.com.tr\/kk\/wp-json\/wp\/v2\/pages\/1687\/revisions"}],"wp:attachment":[{"href":"https:\/\/pierrecardinyatak.com.tr\/kk\/wp-json\/wp\/v2\/media?parent=1687"}],"curies":[{"name":"wp","href":"https:\/\/api.w.org\/{rel}","templated":true}]}}

İnsan Kaynakları

<div class="wpb-content-wrapper"><div class="vc_row wpb_row vc_row-fluid"><div class="wpb_column vc_column_container vc_col-sm-2"><div class="vc_column-inner"><div class="wpb_wrapper"></div></div></div><div class="wpb_column vc_column_container vc_col-sm-8"><div class="vc_column-inner"><div class="wpb_wrapper">
	<div class="wpb_text_column wpb_content_element" >
		<div class="wpb_wrapper">
			<p style="text-align: center;">Pierre Cardin Bedding ailesinin bir parçası olmak isterseniz, iş başvurularınızı bekliyoruz.<br />
<a href="mailto:ik@pierrecardinbedding.com.tr"><strong>ik@pierrecardinbedding.com.tr</strong></a></p>

		</div>
	</div>
</div></div></div><div class="wpb_column vc_column_container vc_col-sm-2"><div class="vc_column-inner"><div class="wpb_wrapper"></div></div></div></div>
</div>

Pierre Cardin Bedding ailesinin bir parçası olmak isterseniz, iş başvurularınızı bekliyoruz. ik@pierrecardinbedding.com.tr

<!-- This site is optimized with the Yoast SEO plugin v27.4 - https://yoast.com/product/yoast-seo-wordpress/ -->
<title>İnsan Kaynakları - Pierre Cardin Yatak</title>
<meta name="description" content="Pierre Cardin Bedding insan kaynakları sayfasını ziyaret edebilirsiniz. Ailemizin parçası olmak için iletişime geçin." />
<meta name="robots" content="index, follow, max-snippet:-1, max-image-preview:large, max-video-preview:-1" />
<link rel="canonical" href="https://pierrecardinyatak.com.tr/kk/insan-kaynaklari/" />
<meta property="og:locale" content="en_US" />
<meta property="og:type" content="article" />
<meta property="og:title" content="İnsan Kaynakları - Pierre Cardin Yatak" />
<meta property="og:description" content="Pierre Cardin Bedding insan kaynakları sayfasını ziyaret edebilirsiniz. Ailemizin parçası olmak için iletişime geçin." />
<meta property="og:url" content="https://pierrecardinyatak.com.tr/kk/insan-kaynaklari/" />
<meta property="og:site_name" content="Pierre Cardin Yatak" />
<meta property="article:publisher" content="https://www.facebook.com/pierrecardinyatak" />
<meta property="article:modified_time" content="2023-11-09T13:25:24+00:00" />
<meta name="twitter:card" content="summary_large_image" />
<meta name="twitter:site" content="@pcardinbedding" />
<meta name="twitter:label1" content="Est. reading time" />
	<meta name="twitter:data1" content="1 минута" />
<script type="application/ld+json" class="yoast-schema-graph">{"@context":"https:\/\/schema.org","@graph":[{"@type":["Article","BlogPosting"],"@id":"https:\/\/pierrecardinyatak.com.tr\/insan-kaynaklari\/#article","isPartOf":{"@id":"https:\/\/pierrecardinyatak.com.tr\/insan-kaynaklari\/"},"author":{"name":"admin","@id":"https:\/\/pierrecardinyatak.com.tr\/#\/schema\/person\/1c182155c79ef557a479bd374b58f902"},"headline":"İnsan Kaynakları","datePublished":"2022-11-28T11:18:36+00:00","dateModified":"2023-11-09T13:25:24+00:00","mainEntityOfPage":{"@id":"https:\/\/pierrecardinyatak.com.tr\/insan-kaynaklari\/"},"wordCount":52,"inLanguage":"ru-RU"},{"@type":"WebPage","@id":"https:\/\/pierrecardinyatak.com.tr\/insan-kaynaklari\/","url":"https:\/\/pierrecardinyatak.com.tr\/insan-kaynaklari\/","name":"İnsan Kaynakları - Pierre Cardin Yatak","isPartOf":{"@id":"https:\/\/pierrecardinyatak.com.tr\/#website"},"datePublished":"2022-11-28T11:18:36+00:00","dateModified":"2023-11-09T13:25:24+00:00","description":"Pierre Cardin Bedding insan kaynakları sayfasını ziyaret edebilirsiniz. Ailemizin parçası olmak için iletişime geçin.","breadcrumb":{"@id":"https:\/\/pierrecardinyatak.com.tr\/insan-kaynaklari\/#breadcrumb"},"inLanguage":"ru-RU","potentialAction":[{"@type":"ReadAction","target":["https:\/\/pierrecardinyatak.com.tr\/insan-kaynaklari\/"]}]},{"@type":"BreadcrumbList","@id":"https:\/\/pierrecardinyatak.com.tr\/insan-kaynaklari\/#breadcrumb","itemListElement":[{"@type":"ListItem","position":1,"name":"Anasayfa","item":"https:\/\/pierrecardinyatak.com.tr\/"},{"@type":"ListItem","position":2,"name":"İnsan Kaynakları"}]},{"@type":"WebSite","@id":"https:\/\/pierrecardinyatak.com.tr\/#website","url":"https:\/\/pierrecardinyatak.com.tr\/","name":"Pierre Cardin Yatak","description":"-","potentialAction":[{"@type":"SearchAction","target":{"@type":"EntryPoint","urlTemplate":"https:\/\/pierrecardinyatak.com.tr\/?s={search_term_string}"},"query-input":{"@type":"PropertyValueSpecification","valueRequired":true,"valueName":"search_term_string"}}],"inLanguage":"ru-RU"},{"@type":"Person","@id":"https:\/\/pierrecardinyatak.com.tr\/#\/schema\/person\/1c182155c79ef557a479bd374b58f902","name":"admin","image":{"@type":"ImageObject","inLanguage":"ru-RU","@id":"https:\/\/secure.gravatar.com\/avatar\/3a0c75d6a4a7b2213bf32cead72e590c8f6aa56e5c7c70ea801e74aa7a9372bc?s=96&d=mm&r=g","url":"https:\/\/secure.gravatar.com\/avatar\/3a0c75d6a4a7b2213bf32cead72e590c8f6aa56e5c7c70ea801e74aa7a9372bc?s=96&d=mm&r=g","contentUrl":"https:\/\/secure.gravatar.com\/avatar\/3a0c75d6a4a7b2213bf32cead72e590c8f6aa56e5c7c70ea801e74aa7a9372bc?s=96&d=mm&r=g","caption":"admin"},"sameAs":["https:\/\/pierrecardinbedding.com.tr"],"url":"https:\/\/pierrecardinyatak.com.tr\/kk\/author\/admin\/"}]}</script>
<!-- / Yoast SEO plugin. -->

İnsan Kaynakları - Pierre Cardin Yatak

Pierre Cardin Bedding insan kaynakları sayfasını ziyaret edebilirsiniz. Ailemizin parçası olmak için iletişime geçin.

1 минута
